s 25503 a composite number?
True
Is 27161 a prime number?
False
Is 3223 a composite number?
True
Is 221761 a prime number?
False
Is 15038303 prime?
False
Is 157 prime?
True
Is 4373 a composite number?
False
Is 34019 prime?
True
Is 1397 prime?
False
Is 901 prime?
False
Is 414021 composite?
True
Is 7379 a composite number?
True
Is 423629 prime?
False
Is 165229 a prime number?
True
Is 16271 composite?
True
Is 9113 a composite number?
True
Is 39359 a composite number?
False
Is 35195 prime?
False
Is 15557 a prime number?
False
Is 4861 prime?
True
Is 1002061 composite?
False
Is 162005 composite?
True
Is 53727 prime?
False
Is 3407 a prime number?
True
Is 90791 a composite number?
True
Is 62189 a prime number?
True
Is 99949 composite?
True
Is 513269 composite?
False
Is 1836241 a composite number?
True
Is 29069 composite?
True
Is 14815 a composite number?
True
Is 209431 a prime number?
True
Is 169387 a composite number?
True
Is 241229 prime?
True
Is 23889 composite?
True
Is 42979 a composite number?
False
Is 117851 composite?
False
Is 18167 composite?
True
Is 5293 a composite number?
True
Is 16619 a composite number?
False
Is 173039 prime?
True
Is 72973 prime?
True
Is 289 a composite number?
True
Is 36471 composite?
True
Is 9253 composite?
True
Is 14683 a composite number?
False
Is 385001 a prime number?
True
Is 9983 composite?
True
Is 1061 a prime number?
True
Is 46729 a prime number?
False
Is 46831 composite?
False
Is 22411 prime?
False
Is 3809 a prime number?
False
Is 1471 composite?
False
Is 29779 a prime number?
False
Is 61223 composite?
False
Is 21977 a composite number?
False
Is 86767 prime?
True
Is 24491 a prime number?
False
Is 1439561 a composite number?
False
Is 17341 composite?
False
Is 520193 composite?
False
Is 35879 a prime number?
True
Is 188455 a composite number?
True
Is 1043 prime?
False
Is 6841 composite?
False
Is 105953 a composite number?
False
Is 144289 a composite number?
False
Is 10643 a composite number?
True
Is 995173 a prime number?
True
Is 12401 composite?
False
Is 98851 prime?
False
Is 314635 prime?
False
Is 181361 a composite number?
False
Is 133405 composite?
True
Is 52949 a composite number?
True
Is 9987 prime?
False
Is 15499 composite?
True
Is 26519 a prime number?
False
Is 19853 a prime number?
True
Is 636865 a prime number?
False
Is 6823 prime?
True
Is 14845 prime?
False
Is 28869 prime?
False
Is 665255 prime?
False
Is 2893 composite?
True
Is 99367 prime?
True
Is 3431 composite?
True
Is 64131 composite?
True
Is 117803 a composite number?
True
Is 109657 a prime number?
False
Is 527 composite?
True
Is 1801 a prime number?
True
Is 236494 composite?
True
Is 7039 a composite number?
False
Is 983995 prime?
False
Is 148883 a composite number?
True
Is 8039 a prime number?
True
Is 1641 a prime number?
False
Is 41763 a composite number?
True
Is 138821 composite?
False
Is 1144583 composite?
True
Is 382939 a composite number?
False
Is 158963 composite?
True
Is 6227 composite?
True
Is 40759 a composite number?
False
Is 881119 a prime number?
True
Is 4721 a prime number?
True
Is 36037 a composite number?
False
Is 14909 a prime number?
False
Is 118751 composite?
False
Is 6541 composite?
True
Is 14197 prime?
True
Is 1368763 a composite number?
True
Is 27949 composite?
True
Is 8861 a composite number?
False
Is 8147 prime?
True
Is 142297 a prime number?
True
Is 20171 composite?
True
Is 2075363 composite?
False
Is 9287 composite?
True
Is 192341 prime?
True
Is 3649 composite?
True
Is 854111 a prime number?
True
Is 11797 composite?
True
Is 51977 a prime number?
True
Is 321611 composite?
False
Is 757571 prime?
False
Is 78341 prime?
True
Is 7849 a composite number?
True
Is 521231 a prime number?
True
Is 1475839 prime?
False
Is 11863 a composite number?
False
Is 138857 composite?
True
Is 3019 prime?
True
Is 262103 prime?
True
Is 84377 composite?
False
Is 345589 a composite number?
True
Is 573929 a prime number?
True
Is 22051 a composite number?
False
Is 103557 a prime number?
False
Is 26237 a composite number?
False
Is 4201 composite?
False
Is 17585 a prime number?
False
Is 33377 a composite number?
False
Is 37603 prime?
False
Is 13346 a prime number?
False
Is 116507 a prime number?
True
Is 15506 prime?
False
Is 16949 composite?
True
Is 1044451 a composite number?
False
Is 150287 a composite number?
False
Is 93679 composite?
True
Is 689551 a prime number?
True
Is 347 composite?
False
Is 30001 a prime number?
False
Is 155063 prime?
False
Is 48179 a prime number?
True
Is 13443 composite?
True
Is 2119 composite?
True
Is 1757 a prime number?
False
Is 401507 composite?
False
Is 369295 a composite number?
True
Is 203843 a composite number?
False
Is 320617 composite?
True
Is 89779 composite?
False
Is 11369 composite?
False
Is 5099 a prime number?
True
Is 8161 a composite number?
False
Is 9439 composite?
False
Is 1277 a composite number?
False
Is 2147 a prime number?
False
Is 38299 a prime number?
True
Is 400913 composite?
True
Is 469435 a prime number?
False
Is 7651 prime?
False
Is 97649 a composite number?
False
Is 1023521 prime?
True
Is 52249 prime?
True
Is 556147 a composite number?
True
Is 2557 a composite number?
False
Is 33805 prime?
False
Is 25939 a composite number?
False
Is 17543 a composite number?
True
Is 2879 a prime number?
True
Is 392699 a prime number?
True
Is 100333 prime?
True
Is 5981 prime?
True
Is 8419 prime?
True
Is 6119 a prime number?
False
Is 73189 prime?
True
Is 2519 prime?
False
Is 477209 composite?
False
Is 64681 a prime number?
False
Is 3683201 a composite number?
False
Is 10193 a composite number?
False
Is 265693 prime?
False
Is 158549 a composite number?
True
Is 2277671 a composite number?
True
Is 10217 prime?
False
Is 8929 a prime number?
True
Is 425813 prime?
True
Is 114941 prime?
True
Is 1386857 a prime number?
True
Is 3127 composite?
True
Is 406499 prime?
True
Is 1661 prime?
False
Is 3743 composite?
True
Is 137993 a prime number?
True
Is 13771 a composite number?
True
Is 231409 composite?
False
Is 8923 a composite number?
False
Is 55949 composite?
False
Is 532666 a prime number?
False
Is 151109 prime?
False
Is 64969 composite?
False
Is 587 a composite number?
False
Is 1444043 a prime number?
True
Is 521 composite?
False
Is 69753 prime?
False
Is 14761 prime?
False
Is 78907 prime?
False
Is 76511 a prime number?
True
Is 5305 composite?
True
Is 8709 composite?
True
Is 12889 a prime number?
True
Is 714967 a composite number?
True
Is 157106 composite?
True
Is 215329 prime?
True
Is 48247 a composite number?
False
Is 141157 composite?
False
Is 89743 composite?
True
Is 7897 prime?
False
Is 71437 a composite number?
False
Is 521 prime?
True
Is 14983 a prime number?
True
Is 43177 a prime number?
True
Is 940154 composite?
True
Is 40787 composite?
False
Is 253781 prime?
False
Is 62969 prime?
True
Is 280949 a prime number?
True
Is 253811 a prime number?
True
Is 3274 composite?
True
Is 119827 prime?
True
Is 6113 composite?
False
Is 626363 a prime number?
True
Is 191969 a prime number?
True
Is 14519 prime?
True
Is 35023 a prime number?
True
Is 17335 prime?
False
Is 752601 a composite number?
True
Is 137567 a prime number?
True
Is 18013 a prime number?
True
Is 2923 prime?
False
Is 47983 a composite number?
True
Is 6067 prime?
True
Is 1003479 a composite number?
True
Is 221542 prime?
False
Is 5557 prime?
True
Is 16879 a composite number?
False
Is 17851 composite?
False
Is 11113 a composite number?
False
Is 255007 a composite number?
False
Is 1745989 composite?
True
Is 246407 a prime number?
False
Is 333223 a prime number?
False
Is 15501 prime?
False
Is 17077 prime?
True
Is 24537 a prime number?
False
Is 181 a prime number?
True
Is 70481 a composite number?
False
Is 1594 prime?
False
Is 145091 a prime number?
True
Is 137437 a prime number?
True
Is 13549 prime?
False
Is 20477 a prime number?
True
Is 1399007 composite?
True
Is 14242 a composite number?
True
Is 38543 a composite number?
False
Is 25019 a prime number?
False
Is 3721 a prime number?
False
Is 36731 a composite number?
True
Is 644617 composite?
False
Is 11197 composite?
False
Is 19939 composite?
True
Is 71243 a prime number?
False
Is 2149 prime?
False
Is 1643 a prime number?
False
Is 7993 composite?
False
Is 1893 prime?
False
Is 654877 composite?
False
Is 138583 a compos